 5*p + 4*s - 6 = 12, 0 = 2*p - 2*s. Calculate the highest common divisor of 3 and p.
1
Suppose 0 = 6*s - 2*s - 16. Calculate the greatest common factor of s and 36.
4
Suppose 0 = 4*h - 13 - 67. What is the greatest common factor of 5 and h?
5
Let l be ((-14)/8)/((-1)/(-4)). Let s be (10/4)/(l/14). Let u = 1 - s. What is the greatest common factor of u and 30?
6
Let c be -15 + 12 + (181 - 2). Let n(y) = -y**3 - 7*y**2 - 2*y + 2. Let d be n(-7). What is the greatest common factor of d and c?
16
Suppose -5*x = -2*w - 4*x + 675, -w = 3*x - 320. Let h = -10 + w. Suppose 6*i = i + h. What is the greatest common divisor of 13 and i?
13
Let a = 10 - 15. Let t be 3/5*a/(-1). What is the highest common factor of 15 and t?
3
Let q(d) = d**2 - 4*d + 13. Let p be q(3). What is the highest common divisor of 4 and p?
2
Suppose 10*u - 66 - 214 = 0. Calculate the greatest common factor of u and 4.
4
Let n(m) = m**2 - 15*m - 18. Let s be n(22). Let f be 12/(-18)*51/(-2). What is the highest common divisor of f and s?
17
Let b = -71 - -171. Let g = -1 - -3. Suppose -i - g*m + 20 = 0, -3*i = 4*m - m - 60. What is the highest common divisor of b and i?
20
Suppose -2029 = -5*k - 79. Suppose -4*w = -2*i - 2*w + 170, -k = -5*i - 2*w. Calculate the highest common factor of 10 and i.
10
Let j = -8 - -9. Let h be 7 - (-2 + 4/j). Suppose -3*u - 8 = -u, 4*u + 51 = h*s. What is the highest common divisor of s and 63?
7
Let t be 4 + 2/(2*-1). Let m be ((-2)/(-6))/((-1)/6). Let i be (8/6)/(m/(-9)). Calculate the greatest common factor of i and t.
3
Let w(u) = 10*u**2 - 4*u + 2. Let v be w(-4). Let l be 13/(-52) - 431/4. Let s = l + v. Calculate the highest common divisor of 10 and s.
10
Let o(h) = 9*h - 1. Let r be o(2). Suppose 3*w = -4*s - r, -2*s = 2*w - s + 3. What is the highest common factor of 3 and w?
1
Suppose 4*t = -3*i + 78, 0*t = -5*i + 2*t + 156. Suppose -3*o = -f + i, f - 2*o + 55 = 2*f. What is the greatest common divisor of 15 and f?
15
Suppose 0 = -3*l - 0 + 12. Suppose 36 = -4*m - l. Let p be (-83)/(-9) + m/45. What is the greatest common divisor of p and 6?
3
Let c = 16 - 6. Let h(l) = l**2 + 10*l - 5. Let r be h(5). What is the greatest common factor of r and c?
10
Let k = -71 + 87. Calculate the highest common divisor of 160 and k.
16
Let b be 5/(40/(-12))*-14. Calculate the greatest common factor of 7 and b.
7
Let d(u) = -u + 2*u - 126*u**3 + u**2 - 3*u + 3*u. Let f be d(-1). Calculate the greatest common divisor of 14 and f.
14
Let z be (-17)/(-5) + 2/(-5). Suppose 0 = z*y - 11 - 25. What is the greatest common factor of y and 4?
4
Let l be -1 - 3/6*18. Let a be (12/l)/((-6)/20). Calculate the greatest common divisor of 12 and a.
4
Let i(q) = 10*q + 2. Let u be i(3). Suppose -5*f - u = -487. Suppose 2*v - 2*x - x = 26, -5*x = 0. What is the highest common divisor of v and f?
13
Suppose 0 = -4*w - 50 + 74. What is the greatest common divisor of w and 9?
3
Let b(l) = -l**2 + 1. Let t be b(1). Let h = 26 + t. Calculate the highest common divisor of h and 65.
13
Let m be (-10)/6*(-12)/2. Let w be (2/6)/((-4)/(-36)). Suppose -4*k - w*r = -r - 80, 3*k + r = 60. Calculate the greatest common divisor of k and m.
10
Let p be 4/(-6) - 50/6. Let r be 30/4*(-114)/p. Calculate the greatest common divisor of 38 and r.
19
Let u = 183 - 39. Suppose -393 = -3*p - z, -p + 0*z + 4*z = -u. Let x = -32 + 44. Calculate the highest common factor of x and p.
12
Let b be (-1 - -2)*-2*-1. Let j = 7 + -3. Suppose -24 = -j*k + b*k. What is the greatest common divisor of 120 and k?
12
Suppose 6 + 14 = -4*o - 3*f, o + 4*f + 18 = 0. Let v be (-53)/(-2) - o/4. Let t = -27 - -45. Calculate the highest common divisor of v and t.
9
Let i be (1 + 4/1)*30/75. Calculate the highest common factor of 10 and i.
2
Suppose 2*n + i - 8 = 0, -5*n - i + 21 = -5. Let y be n/27 - 16/(-9). Let m = 8 + -3. What is the greatest common divisor of y and m?
1
Let i be 0 + -4 - (0 + -10). Let v = 127 + -79. What is the greatest common divisor of i and v?
6
Let w(p) = -3*p - 18. Let b be w(-12). What is the highest common divisor of b and 45?
9
Let f = 4 - -2. Let b be (-5 + 5)*(-3)/(-6). Let p = b - -4. Calculate the highest common divisor of p and f.
2
Let p(a) = -2*a - 12. Let g be p(-7). Suppose -z = 2*z - g*m - 58, m = -2*z + 34. Calculate the highest common divisor of z and 12.
6
Let u(g) = 4*g - 7. Let p be (-1 + 0)/((-3)/15). Let w be u(p). Suppose y = 3*n + 14 + 1, w = y - 5*n. Calculate the greatest common divisor of y and 18.
18
Let b be (-2272)/(-14) + -5*(-8)/(-140). Calculate the greatest common divisor of b and 18.
18
Let p(q) = 0 + 11*q + 0*q**3 - 7*q**2 - q**3 + 3. Let g be p(-9). Let a be (-64)/12*g/(-8). What is the highest common factor of a and 11?
11
Suppose z - 1 - 4 = u, -5 = -5*z + u. Suppose -4*l = -l + 2*n - 35, 3*n + 6 = z. Let h = 99 - 34. What is the greatest common divisor of l and h?
13
Let d be 8 + 2 + -3 + -1. What is the highest common factor of 6 and d?
6
Let p = 33 + -20. What is the highest common divisor of 91 and p?
13
Suppose -a + 2*a - 14 = 0. Calculate the greatest common divisor of a and 35.
7
Let q be (-1 - -2)*(-5 + 6). Let k = 3 - q. What is the greatest common divisor of k and 5?
1
Suppose 15*z = 13*z + 224. Calculate the highest common factor of z and 32.
16
Let i(s) = 3*s**2 + 15*s + 36. Let j be i(-8). What is the greatest common divisor of 270 and j?
54
Suppose -78 = -0*t - 3*t. What is the greatest common factor of 65 and t?
13
Suppose -3*q - 2*q = -515. Let j = -69 + q. Calculate the highest common divisor of 51 and j.
17
Suppose -2*l - u + 39 = 0, 3*l + 4*u - 54 = l. Suppose 520 = 6*j - 398. Calculate the highest common divisor of l and j.
17
Suppose 0 = -2*m + h + 13, 25 = -4*h - h. What is the highest common factor of 28 and m?
4
Let w = 6 - 4. Let i be 54 + 0/(w*-1). Let m(q) = -q**2 + 18*q + 25. Let h be m(19). Calculate the highest common factor of h and i.
6
Suppose -w = -4*w + 12. Suppose x = -4*k + 224, 0*x = w*k - x - 224. Calculate the greatest common factor of k and 7.
7
Suppose -60*j = -56*j - 88. What is the highest common divisor of j and 154?
22
Suppose -162 = -4*r - 2*r. What is the greatest common divisor of r and 270?
27
Suppose 5*k = -2*v + 996, -4*v + v + 994 = 5*k. Suppose -2*s + 4*s - 50 = 0. What is the greatest common divisor of s and k?
25
Suppose 4*i + 3*a - 237 = -51, 5*a - 55 = -i. Calculate the greatest common factor of i and 9.
9
Let f be 20/(-90) - 40/(-18). Calculate the highest common factor of f and 2.
2
Let d be ((-90)/20)/((-9)/(-6) - 2). What is the greatest common divisor of d and 27?
9
Suppose 0 = 5*f, -3*t + 5*f + 26 = -t. What is the greatest common divisor of t and 26?
13
Let b be 2 - (-3)/(3/5). Let i = -87 + 115. Calculate the greatest common divisor of i and b.
7
Suppose 3*g + 5*x = 48, -4*g + 0*x + 64 = 3*x. Let f be ((-8)/(-6))/(4/282). Suppose -j = -f - 34. Calculate the highest common divisor of j and g.
16
Let k = -5 - -9. Suppose 5*s - 365 = -6*c + c, 0 = -k*c + 4. Calculate the greatest common factor of s and 8.
8
Let v be 9 - 8 - -1*61. Let b = v + -44. What is the greatest common factor of b and 36?
18
Let a(y) = -23*y + 1. Let g be a(-9). What is the greatest common factor of 26 and g?
26
Let z be (18 - 18) + (8 - -1). What is the greatest common factor of z and 171?
9
Suppose 4*m + n + n = 124, -4 = -n. What is the highest common divisor of m and 29?
29
Let k be (7/(-7))/((-1)/2). What is the highest common factor of k and 3?
1
Let a be ((-4)/(-6))/(2/(-3)). Let c be (-33)/(-3) + a/(-1). Calculate the highest common divisor of c and 18.
6
Let s be (2/(-4))/(2/(-20)). Suppose -s*i = -2*c + 6, c = -i + 1 - 5. Let a(k) = -2*k + 1. Let j be a(c). What is the greatest common divisor of 1 and j?
1
Suppose 3*f + 5*b - 226 = 0, -b - 218 = -3*f - 2*b. Calculate the greatest common divisor of 8 and f.
8
Let p be (2 + 0)*10/4. Let v(i) = 6*i + 7. Let z be v(8). Calculate the greatest common divisor of p and z.
5
Suppose -76 = -7*v + 3*v. Calculate the highest common divisor of 209 and v.
19
Let a be (1/2 - 0) + (-46)/(-4). What is the greatest common factor of 3 and a?
3
Suppose t - 32 = -3*y, -2*t + 12 + 4 = 2*y. Calculate the highest common factor of 132 and y.
12
Suppose -3*g + 859 = 304. What is the 